 p.
13
Suppose 5*m - 15 = -3*b - 2*b, 0 = -2*b + 2*m + 14. Suppose -w = -3*q + 5, b = q + 2*w + 1. Calculate the greatest common factor of q and 16.
2
Let z be 72/32 - 2 - 110/(-8). Calculate the greatest common divisor of z and 12.
2
Let a be 156/15*6 + 14/(-35). Calculate the highest common factor of 1984 and a.
62
Let z be (5/((-35)/6))/((-244)/854). What is the highest common divisor of 15 and z?
3
Suppose 5*n - 30 = -g + 5*g, 5*g = -25. Suppose 116 + 10 = n*a. Calculate the greatest common factor of 7 and a.
7
Suppose -3*w + 13 + 5 = 0. Let q(k) = 2*k - 2. Let s be q(w). Suppose 40*z = 20*z + 1600. What is the highest common divisor of s and z?
10
Suppose -c = 2*c - 12. Let r be 13/39 + (-1)/3 + 52. Let b = c + r. Calculate the highest common factor of b and 7.
7
Let v = 29 - 14. Let s be v + (-4 + 5 - -2). What is the greatest common factor of s and 6?
6
Let d be 1/((-8)/2 - 35/(-10)). Let a be ((-6)/(-15))/((-2)/(-10)). Let o be d + 1 - -5*a. Calculate the greatest common divisor of o and 18.
9
Let f = 1023 - 847. Calculate the highest common divisor of f and 220.
44
Let z = 46 + -13. Let f = 90 + -79. Calculate the highest common divisor of f and z.
11
Suppose 19*v = -10*v + 5104. Suppose 0 = 2*o - 13 - 19. What is the highest common divisor of v and o?
16
Suppose 2*k = -2*s + 30, 32*s - 2*k = 27*s + 96. What is the greatest common factor of 12 and s?
6
Let o be (-3)/(-7) - 585/(-105). Let p(x) = -x + 8. Let r be p(5). Let t be -9*(-2)/r - 0. What is the greatest common factor of t and o?
6
Let m(l) = l + 12. Let y be m(-10). Let h be 6/3 + y + 21. Let c = h - 11. Calculate the greatest common factor of c and 42.
14
Let a = -64 - -163. Suppose 132 = -0*c + 3*c. Suppose -27*o = -23*o - c. Calculate the greatest common divisor of o and a.
11
Let d(v) = -7*v**2 - 31*v + 5. Let b be d(-4). What is the highest common divisor of b and 323?
17
Suppose -3*y - 37 - 50 = 0. Let p = y - -32. Calculate the highest common factor of p and 27.
3
Let h(o) = -o**2 + 31*o - 87. Let c be h(27). Calculate the greatest common factor of c and 3.
3
Let m be 4/(-6 - -2)*(1 + -6). Suppose 67 + 38 = m*t. Calculate the greatest common factor of t and 105.
21
Let b(c) = -3*c - 9. Let x be b(12). Let z = -43 - x. Calculate the greatest common factor of 2 and z.
2
Suppose -4*c + 2*c + 6 = 0. Suppose x - 5 - 38 = -2*a, c*x = 2*a + 137. Calculate the highest common factor of x and 405.
45
Suppose -v - 2*i = 1 + 9, -v - 5*i = 25. Let l be v + (-18)/(-2) + -3. Let n be (2/(-5))/(1/(-135)). Calculate the highest common divisor of l and n.
6
Let f be (-2)/1*1 - -5. Suppose 2*l + w - 6 = 0, 2*l - f = 3*w + 11. Suppose c + 3 = -2, t = 5*c + 33. Calculate the greatest common factor of t and l.
4
Let l = 1015 - 23. Calculate the greatest common factor of l and 62.
62
Let j = 164 + -144. What is the highest common divisor of j and 60?
20
Let g be (-304)/12 - (-16)/12. Let v be (-3)/g + (-31)/(-8). Suppose -3*y = -3*o + 33, -o = y + v*y + 7. What is the greatest common divisor of 32 and o?
8
Suppose 2*a + 5 = -3. Suppose 4*g - 28 = -3*u, 0 = 4*g - 0*g - 4*u - 28. Let v be a/(-6)*-3 + g. Calculate the highest common factor of v and 10.
5
Let j = 7211 - 7189. Let p = 0 + 0. Let t be (1 - p) + (-1 - -176). What is the greatest common factor of j and t?
22
Let r(q) = q**2 + 13*q + 9. Let z be r(-13). Suppose 0 = -7*a + z*a - 156. What is the greatest common factor of 26 and a?
26
Suppose m + 4*w - 18 = 110, w + 724 = 5*m. Calculate the greatest common divisor of m and 368.
16
Let f(y) = y**3 + 19*y**2 + 33*y + 8. Let h be f(-17). Calculate the greatest common divisor of h and 175.
25
Suppose -2*s - 14*s = -512. Let d(q) = 5*q - 2. Let r be d(2). What is the highest common divisor of r and s?
8
Suppose -4*n - 592 = -2*p, -5*p - 11*n + 18*n + 1471 = 0. What is the highest common divisor of 10 and p?
10
Suppose -6*z + 5*z + 5*n - 129 = 0, 2*z = -2*n - 270. Let q = -84 - z. What is the highest common factor of q and 150?
50
Suppose 2*m - 16 = -3*j, 5*j - 10 + 30 = 0. Let g(p) = p**3 - 15*p**2 + 17*p + 12. Let v be g(m). Calculate the highest common divisor of 36 and v.
18
Let f(d) = d**3 + 5*d**2 - 7*d + 1. Let o be f(-5). Calculate the highest common factor of o and 132.
12
Let m be 5 + (-4 - (-24)/6). Let t = -17 + 18. Calculate the greatest common divisor of m and t.
1
Suppose -10*d + 434 = 204. Calculate the greatest common divisor of d and 184.
23
Suppose -3*y - 2*y + 60 = 0. Suppose -6 = -2*a, 2*z + 3*z - 3*a - 21 = 0. Let n be (z - 4)/(1/6). Calculate the highest common divisor of n and y.
12
Let g(r) = -r**3 - 11*r**2 - 8*r - 6. Let w be g(-11). Let j = 89 - w. What is the highest common factor of 1 and j?
1
Let q be (((-80)/12)/4)/(10/(-60)). What is the greatest common divisor of 430 and q?
10
Let t = 2160 - 2122. Let b be 0/(-1) + 189 + 1. What is the highest common divisor of b and t?
38
Let g(k) = -k + 53. Let h be g(37). Calculate the highest common divisor of 128 and h.
16
Let c = 832 + -373. Calculate the highest common factor of c and 45.
9
Let p = -10 - -14. Suppose -p*m = 5*l - 5, 4*m = -6*l + 2*l. Let w be -2 + l/(5/7). Calculate the highest common factor of 45 and w.
5
Let c = 279 - 139. Suppose 3*w = -m + c, 3*w = -w + 4*m + 160. What is the highest common divisor of w and 18?
9
Let h(v) = 27*v**2 - v - 2. Let c be h(2). Let y = -578 - -591. What is the highest common factor of y and c?
13
Let f(c) = 2*c**2 - 67*c - 145. Let b be f(36). What is the highest common divisor of 665 and b?
35
Let c(w) = -w**2 - 8*w - 12. Let d be c(-5). Let r(j) = -8*j + 3. Let g be r(d). Let p = 36 + g. Calculate the highest common factor of 15 and p.
15
Suppose 2*m + 88 = 10*m. Suppose -a - 5*d - 17 = -3*a, 5*d = a - 16. Calculate the highest common factor of a and m.
1
Let t be 100/8*(-8)/(-10). Let n be (-2 - -4)*2*t. Let m(z) = -z**3 - 5*z**2 + 5. Let c be m(-5). What is the highest common factor of c and n?
5
Let j be 128/6*(-6426)/(-28). What is the greatest common divisor of 153 and j?
153
Let r be (0 + 1 - -8) + -3. Let j be (-8)/r*15/(-2). Suppose -h - 25 = -3*x, 5*x - 20 = x + 4*h. Calculate the greatest common divisor of x and j.
10
Suppose -4*p + 2333 = 585. What is the greatest common divisor of p and 19?
19
Let a be 26 + 12/(-3) + -1. What is the highest common factor of 21 and a?
21
Suppose 8*h - 10 - 6 = 0. What is the highest common divisor of 16 and h?
2
Suppose 11*p + 16 = 3*p. Let x be (p/(-2))/((-9)/378). Let u be (-1267)/x + 2/(-12). What is the highest common factor of 20 and u?
10
Let m = 9 + -5. Suppose 0 = 6*t - 5*t + 2. Let n be 18 + (2 - (2 + t)). Calculate the highest common divisor of n and m.
4
Let d(a) = -31*a + 1. Suppose -2*k - 35 = 3*k. Let h be d(k). Suppose h = 2*v - 196. Calculate the greatest common factor of 23 and v.
23
Let l = 387 - 183. Calculate the highest common factor of l and 340.
68
Suppose 0 = -9*j - 0 + 54. Suppose 4*a - j*a = -52. What is the highest common divisor of a and 39?
13
Let g(a) = 490*a**2 + 9*a - 6. Let f be g(1). Calculate the greatest common divisor of 87 and f.
29
Let p be -476*(12/(-14) - (-30)/(-210)). What is the highest common factor of 28 and p?
28
Suppose w + 5 = -6. Let q be w/(-44) - 41/4. Let o = q + 17. What is the greatest common factor of o and 35?
7
Suppose 5*y - 11731 = v, -129*y + 124*y + 3*v + 11733 = 0. What is the greatest common divisor of 69 and y?
69
Suppose -4*a + 3*d + 97 = 0, 5*a + 9*d - 125 = 12*d. Let q(l) = l**2 - l + 4. Let v be q(0). What is the greatest common divisor of a and v?
4
Let s(l) = -l**3 + 31*l**2 + 4*l - 70. Suppose 6*w = -20 + 206. Let r be s(w). Calculate the greatest common divisor of r and 135.
27
Let r(g) = -g**3 - g**2 + 594. Let h be r(0). Suppose 4*o = 0, 10*y - 7*y = o + h. Calculate the highest common factor of 18 and y.
18
Let z be (-1 - (-2 - 0)) + -2. Let t be z/((4/(-4))/2). Suppose -t*y + 23 = -y. Calculate the greatest common factor of y and 207.
23
Let z = 635 + -30. Let o = -382 + z. Let s = o + -128. Calculate the highest common divisor of 19 and s.
19
Let t = 17 + -2. Let l = -62 - -68. Calculate the highest common divisor of t and l.
3
Let j be 12*(-4 + 102/9). Let x = 146 - j. Suppose 5*n = -4*h + 96, 2*n - 7*n = 2*h - x. What is the highest common f